 Calculate the highest common divisor of f and 28.
28
Suppose 0*t - 4 = 4*t. Let u be -3 + 38 + (t - 2). What is the highest common factor of 4 and u?
4
Let y(j) = 4 + 1 + j - 3. Let f be y(-3). Let v be 2/f*(4 - 5). What is the highest common divisor of 22 and v?
2
Let k(p) = -p + 1. Let h(n) = n**2 - 8*n + 3. Let o(v) = -h(v) - 3*k(v). Let u be o(9). Let g be (24/10)/(6/75). What is the greatest common divisor of g and u?
6
Suppose g - 5 + 0 = 0. Let h be g/(10/76) - 3. Suppose 2*i = 115 + h. What is the highest common divisor of i and 15?
15
Let x = 2 + 2. Suppose 4*b - 64 = 4*a, 0 = 2*b - x*a - a - 32. Calculate the greatest common divisor of b and 4.
4
Let c(x) = -x**3 + 7*x**2 - 7*x + 8. Let l be c(6). Suppose 5*a + l = 22. What is the greatest common factor of 44 and a?
4
Let d(s) = s**3 + 8*s**2 - 4*s + 3. Let c be d(-7). What is the highest common divisor of 16 and c?
16
Let p = -1 - -7. Let d(v) = -v**2 - 18*v - 6. Let o be d(-12). Suppose 2*g = 3*g - o. Calculate the greatest common factor of g and p.
6
Suppose 2*a - 4 = -8. Let v be 21/(-6)*9*a. What is the greatest common divisor of v and 21?
21
Let h be 2/(-3) + (-22)/(-6). What is the highest common divisor of 21 and h?
3
Let l(p) = p**2 - 5*p + 6. Let z be l(7). Suppose x + 50 = 6*x. Calculate the highest common divisor of x and z.
10
Let h(o) = o**3 - 5*o + 4. Let j be h(3). Let g(a) = -2 + 3*a**2 + 1 + 3 + 3*a + 2. Let c be g(4). What is the highest common divisor of c and j?
16
Suppose -7*m = -10 - 4. What is the greatest common divisor of m and 2?
2
Let c = 257 + -111. Let q = -74 + c. Suppose -u = 5*h - 5*u - 236, 3*u = h - 45. What is the highest common divisor of q and h?
24
Suppose -6*x + 49 = -5. Calculate the greatest common factor of 15 and x.
3
Let p(g) = g**2 - 9*g + 5. Let y be p(5). Let r = y - -30. What is the greatest common factor of r and 105?
15
Let g be (-120)/(-14) + (-12)/21. Calculate the greatest common divisor of 40 and g.
8
Suppose 5 + 5 = 5*x. Let f(a) = 6*a - 2. Let t be f(x). Calculate the highest common factor of 50 and t.
10
Suppose -2*n = -6*r + 3*r + 94, 0 = r - 2*n - 30. Let s = r + -8. Calculate the highest common factor of 36 and s.
12
Suppose -11 + 17 = x. Calculate the greatest common factor of x and 6.
6
Let k = -1 + 3. Let h be (14/(-4))/(k/(-12)). Let r be (81 - 0)*7/3. What is the greatest common factor of r and h?
21
Let w = 16 - 1. Let z be (-1)/(4/12) + 13. Calculate the greatest common factor of w and z.
5
Suppose 0 = 7*n - 5*n - 540. Calculate the highest common factor of 10 and n.
10
Suppose -6 = x - 14. Let t = 24 + -8. What is the greatest common factor of t and x?
8
Let g be -3*(-1 - 0) + -1. Suppose -g*j = -7*j + 180. Suppose -4*b - b = 4*r - j, 4*r - 36 = -4*b. What is the highest common factor of 3 and r?
3
Suppose 4*c - 2*c = -16. Let q be -4*(1 + 68/c). What is the greatest common factor of q and 30?
30
Let w be 4/(-18) - (-28)/(-36). Let v be ((-128)/(-24))/(w/(-6)). Calculate the highest common factor of v and 8.
8
Let a(u) = 26*u + 6. Let b(l) = -9*l - 2. Let x(z) = -5*a(z) - 16*b(z). Let j be x(5). Calculate the highest common divisor of 8 and j.
8
Suppose 7*f = 4*f + 33. Let o = 22 + f. Suppose 3*l = 50 - 17. Calculate the greatest common divisor of o and l.
11
Suppose 4*p = t - 15 + 1, -2*p - 16 = -5*t. Suppose -37 - 11 = -t*o. Let r(v) = -v - 6. Let g be r(-10). Calculate the highest common divisor of o and g.
4
Let l(f) = f**3 + 5*f**2 - 6*f - 4. Let v be l(-6). Let w(q) = -3*q - 2. Let o be w(v). What is the greatest common factor of 25 and o?
5
Let l = 9 + 7. Let p be 32/3*(-60)/(-16). What is the greatest common factor of p and l?
8
Let j(q) = 20*q - 10. Let f be j(2). What is the greatest common divisor of f and 50?
10
Let z(f) = f**2 + f + 1. Let c be z(-3). Let k = 120 + -64. Calculate the highest common divisor of c and k.
7
Let a = -73 + 105. What is the highest common factor of 8 and a?
8
Suppose -3*h + 8*h = 90. What is the greatest common divisor of h and 3?
3
Let s = -37 - -53. Let l be (-3)/2*80/(-6). Suppose -o - l = -6*o. Calculate the highest common divisor of o and s.
4
Let b(f) = 5*f**3 + 2*f + 1. Let h be b(-1). Let t be h*(2 + 51/(-9)). What is the highest common divisor of t and 55?
11
Suppose -3*j - 89 = -2*p, 5*p + 3 - 215 = 4*j. Let c(b) = -b**2 - b + 8. Let a be c(0). Calculate the highest common divisor of p and a.
8
Suppose 4*v = 5*v - 2. Calculate the greatest common factor of v and 2.
2
Let r(h) = -h**3 - 5*h**2 + 3. Let g be r(-5). Suppose -2*x - 55 = -g*w, -3*w - 2*x = 3*x - 20. Let z = 6 + w. What is the highest common factor of 3 and z?
3
Let j = 19 + -9. What is the greatest common factor of 10 and j?
10
Suppose -5*k - 4*c + 3 = 0, -2*k + 7*k - 6 = -3*c. Let g be (-32*1)/(-1 + 0). Suppose 10 + g = 2*l. What is the highest common factor of l and k?
3
Suppose -5*y = 3*z - 61, -3*z = 4*y - z - 48. Calculate the highest common divisor of 209 and y.
11
Let y be 1/(-2) - (-102)/12. Let o = 8 + 8. Calculate the highest common factor of y and o.
8
Let j = 17 + -2. Suppose -2*i = 2*x - 14, -4*i + 19 = -x + 1. Let g = i + 0. What is the greatest common divisor of g and j?
5
Suppose -5*u = 15 - 60. Calculate the highest common divisor of 1 and u.
1
Let x = -155 - -218. What is the highest common factor of 21 and x?
21
Suppose -2731 - 1238 = -21*a. Calculate the greatest common divisor of a and 7.
7
Let u(p) = p**3 - 3*p**2 - 4*p + 5. Let m be u(4). Suppose k = -5*r + 62 + 121, 0 = -m*r - 3*k + 189. What is the greatest common divisor of 6 and r?
6
Let q = -8 - -12. Suppose z = -m + 7, -q*z - m = 4*m - 23. What is the highest common factor of z and 120?
12
Let c be 3*4/(12/(-33)). Let z = 4 + -62. Let y = c - z. What is the greatest common factor of y and 125?
25
Let q be (0 - 1)*-2 - -6. Suppose -3*g + q = -13. Let w(z) = -z**2 + 7*z + 4. Let t be w(g). Calculate the greatest common factor of 6 and t.
2
Let f(w) = -w**2 - 2*w - 3. Let y be f(-2). Let v = y - -5. Let z be -3 - -3 - -3 - 1. What is the highest common divisor of v and z?
2
Suppose -o - w = -0*o - 3, -4*o + 11 = 5*w. Suppose 5*g - 33 = 4*f, 4*g = -2*f + o + 12. What is the greatest common divisor of 25 and g?
5
Suppose -3*f + 92 + 52 = 0. What is the greatest common divisor of 120 and f?
24
Let q(w) = 2*w**2 + 2*w - 12. Let m be q(-4). Let b(z) = -13*z - 1. Let a be b(-1). Calculate the greatest common factor of a and m.
12
Let w be (-115)/(-10) + 2/4. Let l(r) = 2*r**3 - r**2 - r + 6. Let h be l(3). Calculate the greatest common factor of h and w.
12
Suppose -5*c - 20 = 2*m - 7*m, 5*m - 3*c = 12. Suppose 4*h - 140 = -m. Calculate the highest common factor of h and 7.
7
Let x = 1 - -77. Calculate the highest common divisor of 52 and x.
26
Let z = 3 - 2. Let l be 4/z*135/12. Suppose 4*o - 20 = -0. Calculate the greatest common factor of l and o.
5
Let h be 166/6 - (-3)/9. Calculate the greatest common factor of 224 and h.
28
Let b(q) = -14*q + 3. Let t be b(-3). What is the greatest common factor of 9 and t?
9
Let r be (4/10)/(4/40). Suppose 0 = -0*o + r*o - 20. What is the greatest common factor of 55 and o?
5
Let n = 3 + 21. Suppose 2*f - 5 = f. Suppose -n = -f*j + 41. What is the highest common divisor of j and 65?
13
Let s be 3/(-6)*2*-3. Let a = 5 + s. Let k(t) = -2*t**3 + t**2 - 2*t + 3. Let f be k(-3). What is the highest common divisor of f and a?
8
Let p = 59 - 35. What is the greatest common divisor of p and 168?
24
Let c(x) = -x**3 - 7*x**2 - 7*x + 3. Let u be c(-6). Let k(l) = -5 - 1 + u*l - 2. Let t be k(8). What is the highest common divisor of 8 and t?
8
Suppose 5*z = r - 42, 10*r - 5*r - 118 = 2*z. Suppose n + 125 = 2*d + 4*n, -70 = -d - 3*n. Calculate the greatest common factor of d and r.
11
Suppose 0 = 5*u - t - 17, -5*u + 2*t + 11 = 4*t. Suppose d + 2*y - 4*y - 70 = 0, -u*d - y = -196. What is the highest common factor of 6 and d?
6
Suppose 0 = 4*t - 4*p - 1044 - 124, -t - 2*p = -295. Suppose 3*w + 2*l - t = 0, -2*l + l + 97 = w. Calculate the greatest common divisor of 9 and w.
9
Let j = -91 + 110. Calculate the greatest common factor of 19 and j.
19
Let c(p) = -p**3 + 2*p**2 - p + 2. Let k be c(2). Suppose k = 2*q - 8, -3*n + 2*n = -q - 6. Calculate the greatest common divisor of n and 15.
5
Suppose -4*